{"version":"1.0","provider_name":"Eteria","provider_url":"https:\/\/eteria.pl\/ru\/","author_name":"Eteria","author_url":"https:\/\/eteria.pl\/ru\/","title":"Kamienica 1938 | 3,15 m wysoko\u015bci | balkon | - Eteria","type":"rich","width":600,"height":338,"html":"<blockquote class=\"wp-embedded-content\" data-secret=\"USqowF4TyP\"><a href=\"https:\/\/eteria.pl\/ru\/oferty\/kamienica-1938-315-m-wysokosci-balkon\/\">Kamienica 1938 | 3,15 m wysoko\u015bci | balkon |<\/a><\/blockquote><iframe sandbox=\"allow-scripts\" security=\"restricted\" src=\"https:\/\/eteria.pl\/ru\/oferty\/kamienica-1938-315-m-wysokosci-balkon\/embed\/#?secret=USqowF4TyP\" width=\"600\" height=\"338\" title=\"&#8220;Kamienica 1938 | 3,15 m wysoko\u015bci | balkon |&#8221; &#8212; Eteria\" data-secret=\"USqowF4TyP\" frameborder=\"0\" marginwidth=\"0\" marginheight=\"0\" scrolling=\"no\" class=\"wp-embedded-content\"><\/iframe><script>\n\/*! This file is auto-generated *\/\n!function(d,l){\"use strict\";l.querySelector&&d.addEventListener&&\"undefined\"!=typeof URL&&(d.wp=d.wp||{},d.wp.receiveEmbedMessage||(d.wp.receiveEmbedMessage=function(e){var t=e.data;if((t||t.secret||t.message||t.value)&&!\/[^a-zA-Z0-9]\/.test(t.secret)){for(var s,r,n,a=l.querySelectorAll('iframe[data-secret=\"'+t.secret+'\"]'),o=l.querySelectorAll('blockquote[data-secret=\"'+t.secret+'\"]'),c=new RegExp(\"^https?:$\",\"i\"),i=0;i<o.length;i++)o[i].style.display=\"none\";for(i=0;i<a.length;i++)s=a[i],e.source===s.contentWindow&&(s.removeAttribute(\"style\"),\"height\"===t.message?(1e3<(r=parseInt(t.value,10))?r=1e3:~~r<200&&(r=200),s.height=r):\"link\"===t.message&&(r=new URL(s.getAttribute(\"src\")),n=new URL(t.value),c.test(n.protocol))&&n.host===r.host&&l.activeElement===s&&(d.top.location.href=t.value))}},d.addEventListener(\"message\",d.wp.receiveEmbedMessage,!1),l.addEventListener(\"DOMContentLoaded\",function(){for(var e,t,s=l.querySelectorAll(\"iframe.wp-embedded-content\"),r=0;r<s.length;r++)(t=(e=s[r]).getAttribute(\"data-secret\"))||(t=Math.random().toString(36).substring(2,12),e.src+=\"#?secret=\"+t,e.setAttribute(\"data-secret\",t)),e.contentWindow.postMessage({message:\"ready\",secret:t},\"*\")},!1)))}(window,document);\n<\/script>\n","description":"Szukasz miejsca dla rodziny lub pary, kt\u00f3re \u0142\u0105czy presti\u017cow\u0105 lokalizacj\u0119 z cisz\u0105 i zieleni\u0105? To mieszkanie daje poczucie przestrzeni i \u015bwiat\u0142a, a jednocze\u015bnie pozwala \u017cy\u0107 w samym sercu miasta \u2013 na w\u0142asnych zasadach. ATUTY: Poczuj klimat przedwojennej Warszawy, kt\u00f3ry dzi\u015b spotyka si\u0119 z komfortem codziennego \u017cycia. \u2022 Kamienica z 1938 roku po remoncie konserwatorskim 2024\u20132025 \u2013 odnowiona elewacja z piaskowca i reprezentacyjne klatki schodowe \u2022 Wysoko\u015b\u0107 3,15 m \u2013 poczucie przestrzeni i elegancji w ka\u017cdym pomieszczeniu \u2022 D\u0142ugi balkon na [&hellip;]","thumbnail_url":"https:\/\/eteria.pl\/wp-content\/uploads\/2020\/10\/OG.png","thumbnail_width":1200,"thumbnail_height":630}

Kamienica 1938 | 3,15 m wysokości | balkon | - Eteria

<blockquote class="wp-embedded-content" data-secret="USqowF4TyP"><a href="https://eteria.pl/ru/oferty/kamienica-1938-315-m-wysokosci-balkon/">Kamienica 1938 | 3,15 m wysokości | balkon |</a></blockquote><iframe sandbox="allow-scripts" security="restricted" src="https://eteria.pl/ru/oferty/kamienica-1938-315-m-wysokosci-balkon/embed/#?secret=USqowF4TyP" width="600" height="338" title="&#8220;Kamienica 1938 | 3,15 m wysokości | balkon |&#8221; &#8212; Eteria" data-secret="USqowF4TyP" frameborder="0" marginwidth="0" marginheight="0" scrolling="no" class="wp-embedded-content"></iframe><script>
/*! This file is auto-generated */
!function(d,l){"use strict";l.querySelector&&d.addEventListener&&"undefined"!=typeof URL&&(d.wp=d.wp||{},d.wp.receiveEmbedMessage||(d.wp.receiveEmbedMessage=function(e){var t=e.data;if((t||t.secret||t.message||t.value)&&!/[^a-zA-Z0-9]/.test(t.secret)){for(var s,r,n,a=l.querySelectorAll('iframe[data-secret="'+t.secret+'"]'),o=l.querySelectorAll('blockquote[data-secret="'+t.secret+'"]'),c=new RegExp("^https?:$","i"),i=0;i<o.length;i++)o[i].style.display="none";for(i=0;i<a.length;i++)s=a[i],e.source===s.contentWindow&&(s.removeAttribute("style"),"height"===t.message?(1e3<(r=parseInt(t.value,10))?r=1e3:~~r<200&&(r=200),s.height=r):"link"===t.message&&(r=new URL(s.getAttribute("src")),n=new URL(t.value),c.test(n.protocol))&&n.host===r.host&&l.activeElement===s&&(d.top.location.href=t.value))}},d.addEventListener("message",d.wp.receiveEmbedMessage,!1),l.addEventListener("DOMContentLoaded",function(){for(var e,t,s=l.querySelectorAll("iframe.wp-embedded-content"),r=0;r<s.length;r++)(t=(e=s[r]).getAttribute("data-secret"))||(t=Math.random().toString(36).substring(2,12),e.src+="#?secret="+t,e.setAttribute("data-secret",t)),e.contentWindow.postMessage({message:"ready",secret:t},"*")},!1)))}(window,document);
</script>

Szukasz miejsca dla rodziny lub pary, które łączy prestiżową lokalizację z ciszą i zielenią? To mieszkanie daje poczucie przestrzeni i światła, a jednocześnie pozwala żyć w samym sercu miasta – na własnych zasadach. ATUTY: Poczuj klimat przedwojennej Warszawy, który dziś spotyka się z komfortem codziennego życia. • Kamienica z 1938 roku po remoncie konserwatorskim 2024–2025 – odnowiona elewacja z piaskowca i reprezentacyjne klatki schodowe • Wysokość 3,15 m – poczucie przestrzeni i elegancji w każdym pomieszczeniu • Długi balkon na [&hellip;]
